-2*w + 2 = 3*q - 2. Is r(w) prime?
True
Let q(w) = 350*w + 9. Let n(m) = -9*m + 58. Let v(j) = -2*j + 1. Let g(k) = n(k) - 3*v(k). Let t be g(17). Is q(t) a composite number?
False
Let a(x) be the second derivative of -5*x**4/12 - 5*x**3/6 - x**2/2 + 12*x. Let k be a(-2). Is 1241/8 - k/(-88) a composite number?
True
Suppose 34*w - 20 = 29*w. Suppose -w*u = -4*k + 5*k + 3490, 3*u - 2*k + 2612 = 0. Let n = 2083 + u. Is n prime?
False
Let v(g) = -18 + 99 - 3*g + 0*g - 26. Is v(0) a composite number?
True
Let k(o) = 8*o**3 - 15*o**2 - 20*o + 40. Let j be k(18). Suppose -j = -15*r + 11*r. Is r composite?
False
Suppose -26803 - 1134258 = -11*i. Is i a prime number?
False
Suppose k + t + 253 = 0, 0 = -5*k + 2*t - t - 1241. Let v = 1351 + -631. Let g = k + v. Is g a prime number?
False
Suppose -287 = -3*k - 2*k + 4*u, 0 = 4*k - 5*u - 235. Is (k/20)/(2/184) a composite number?
True
Let j(g) = -6*g + 1. Let u(r) = -15*r + 3. Let o(a) = 12*j(a) - 5*u(a). Let i be o(8). Is (-6)/i - (-1479)/7 a composite number?
False
Let a(n) = -n**3 + 33*n**2 + 8*n - 3. Let b be a(34). Let r = b + 2248. Is r a composite number?
False
Suppose 5*b = 293224 + 476371. Suppose k + b = 20*k. Is k a composite number?
False
Suppose -475 = -14*z + 29. Suppose z*u + 3*u - 279435 = 0. Is u a prime number?
False
Suppose 19*a + 5180498 = 204*a - 11265447. Is a a prime number?
True
Let y(j) = -66*j - 25. Suppose 33 = -4*a + 269. Let l = a + -65. Is y(l) composite?
True
Suppose -4*m + 74 = 46. Let v(x) = 149*x + 168. Is v(m) composite?
True
Let i(v) = 5*v - 39. Let f be (3 + ((-12)/(-8) - -2))*-2. Let d(s) = s + 27. Let p be d(f). Is i(p) composite?
False
Suppose 4*p + 3117252 = 11*p + 5*p. Is p a composite number?
False
Let y(h) = -h - 21. Let n be y(-33). Is (n + 2/(-1))*(-23)/(-2) prime?
False
Suppose -6*p - 7999 - 6401 = 0. Let g = -1333 - p. Is g prime?
False
Suppose -36*d + 211392 = 20196. Is d composite?
True
Let s(r) = -r**3 + 96*r**2 - 7*r - 187. Is s(68) a prime number?
False
Suppose 32*q = 56*q - 12*q - 25284. Let z = 11 - 7. Suppose -6*w + 3*b + q = -4*w, w + z*b = 1037. Is w composite?
False
Let d = -177874 - -378207. Is d composite?
True
Suppose n - 8 + 60 = 14*n. Let j(w) = 8*w + 105*w - 5 + 2. Is j(n) prime?
True
Let j(q) = -4*q + 2*q**3 - 11*q**2 - 6*q**3 + q + 0*q**3 - 2*q**3 - 28. Is j(-9) a prime number?
False
Let z = 262 + 2937. Is z a prime number?
False
Let c(q) = 1348*q + 8. Let b be c(-3). Is 5/(90/(-24)) - b/12 a composite number?
True
Suppose 0 = -2*t - 2, 0*q + 404 = 2*q - 4*t. Let b be (-5)/10 + (-14)/(-4). Suppose b*l - 1445 = -q. Is l a prime number?
False
Suppose -12*c - 40349 + 221081 = 0. Is c a composite number?
False
Let h(z) be the third derivative of -z**6/15 + z**5/5 - z**4/8 + 3*z**3/2 + 62*z**2 + z. Is h(-10) composite?
False
Let d(c) = 314*c - 127. Is d(90) a prime number?
False
Let m = -38 - -40. Suppose 0 = -6*d + m*d + 3356. Is (-2 - (0 + -3 + 2)) + d a composite number?
True
Let c(o) = 13028*o + 342. Let m be c(21). Suppose 15*f - m = -15*f. Is f composite?
True
Suppose 2*h - 4*u = -10, u = -2*u + 12. Suppose 9 = -2*x - h. Let c = x - -25. Is c composite?
False
Let w(b) = b**3 - b**2 - b + 2. Let p be w(2). Is -5 - (-2 - 2148 - p) composite?
True
Let x be (1*(142 + 3))/(5/(-35)). Let m = 16302 - x. Is m a prime number?
True
Suppose -3*o - y = -696812 - 2426554, -3 = y. Is o a prime number?
False
Suppose 86 = 4*u - o, o + 0*o = -2. Suppose 13 - u = -4*x. Suppose -2*i - 20 = -x*w, -2*i + i = -3. Is w prime?
True
Let q = -121 - -456. Let r(t) = -2*t**2 - 9*t + 116. Let z be r(6). Is (4 + q/z)*-2 a composite number?
False
Let f be 30662/12 - -1 - 1/6. Let z = -846 + f. Let s = -757 + z. Is s a prime number?
True
Let q(n) = -176*n + 138. Let x be q(12). Let r = x + 5137. Is r a prime number?
True
Is 2956/24*(-516)/(-2) composite?
True
Suppose -2*o + v + 9 = -0*o, -o - v = 0. Let s(p) = p + 23. Let h be s(-20). Suppose x - 10076 = -o*m, 3*m = -h*x + 16111 - 6037. Is m composite?
False
Suppose -5*i - 5*v - 15 = 0, -3*v = -5*i + 2*v + 5. Let j be i/(-4) + (-15045)/(-12). Let o = 963 + j. Is o a prime number?
False
Suppose -76 = 20*y - 16. Is -2 + y + 166*76 + 0 a prime number?
True
Let c = 20 - 3. Let k(l) = 55*l**2 - 120*l + 18. Is k(c) a prime number?
True
Suppose -22043279 = -16*q + 2424449. Is q a composite number?
False
Let f(q) = 2*q - 2. Let a be f(1). Let n be ((a + 0)/(-3))/(-2). Suppose n = 6*w - w - 11525. Is w composite?
True
Suppose -11*a = -424511 - 58356. Is a a composite number?
True
Suppose -13*u = 231 + 224. Is 134222/14 + (220/u - -6) prime?
True
Suppose 4*l = 23186 - 3726. Suppose 2*f - l = 3*x, 5*f - 4987 = -x + 7201. Is f composite?
False
Suppose -21*g = -18*g + 75. Let n be 1*(-25)/(g/(-5)). Let d(c) = -3*c**3 - c**2 - 4*c - 5. Is d(n) a composite number?
True
Let f = 19 + 334. Suppose 15*b - 3*q = 17*b + 8, -4 = b - 3*q. Is (-25)/20 - f/b prime?
False
Let n = 108591 - 70090. Is n a composite number?
False
Let t(y) = -y**3 - 25*y**2 + 54*y + 24. Let l be t(-27). Suppose 0 = l*s - 19*s - 9635. Is s a composite number?
True
Let d = -47862 - -122899. Is d composite?
False
Let v(z) = -z**3 - 9*z**2 - 7*z - 10. Let b be v(-8). Let o = b - -24. Suppose -j + 4613 = o*j. Is j prime?
True
Let m = 58 + -37. Suppose m*r + 3205 = 26*r. Is r composite?
False
Suppose 3*i = 5*q - 13, -4*q - 1 + 9 = -3*i. Suppose 0 = 2*p - 0*p - 5*l - 2135, i*l = 3*p - 3206. Suppose 2*a + 312 = p. Is a composite?
False
Suppose 0 = z - 2*d + 22, 0*z - 61 = 3*z - 5*d. Is (z/15)/(107229/35745 - 3) a prime number?
False
Suppose -21985361 = -50*k - 21*k + 7538498. Is k prime?
False
Suppose 2*z = -7*u + 10*u + 4398227, 0 = -4*z + u + 8796459. Is z prime?
False
Is (-136)/17 + 3 + 10715 + -1 prime?
True
Let r(y) = 5610*y**3 - 3*y**2 + 3*y + 19. Is r(3) composite?
False
Let y(o) = 27*o**2 - 35*o - 33. Let d = -246 + 227. Is y(d) prime?
False
Let h(y) = 505*y**2 + 71*y + 1187. Is h(-14) composite?
False
Suppose 0 = 5*i - 0*v - 3*v - 43, -5*i = -5*v - 45. Suppose i*w - 59194 = 27870. Is w a composite number?
False
Let a be ((-3)/5)/((-11)/220). Suppose 0 = -3*u + a + 3, -4*f + 2*u - 4250 = 0. Let j = f + 1857. Is j composite?
False
Suppose -2*f + 0*s - 5*s = -540, -3*s + 271 = f. Suppose -5*v + 130 = -f. Is (v - 6) + 4/1 prime?
False
Suppose -3*l = -2*p - 287729, -2*l + 188712 = -3*p - 3104. Is l composite?
False
Suppose 3066*h - 3078*h = -5879220. Is h prime?
False
Suppose -117*o = -40*o - 50644055. Is o composite?
True
Suppose 4*i = i + 267. Let v = 81 - i. Is (-3 + 1)/((-5)/((-40540)/v)) prime?
True
Let v = -698266 - -1132767. Is v composite?
False
Suppose -3*b = -3*d + 5*d - 61341, 0 = -4*b + 5*d + 81788. Suppose b = 6*q - 4159. Is q prime?
False
Let n(o) = -6*o - 10. Let s be n(-2). Suppose s*w - 46 = -34. Is (-2)/w - (-3520)/12 composite?
False
Let a(r) = 6775*r**2 + r - 2. Let z be a(1). Suppose -2*o + 10159 = 4*j - j, 2*j = -o + z. Is j a prime number?
True
Suppose 11 = 6*d - 19. Suppose -p + 2*p + 22 = d*g, 2*g - 5*p + 5 = 0. Is (26 + g)/(-2 + 225/111) composite?
True
Let t be 4*1/(-2) - 30709/(-7). Is 1 + t + (-13 - -8)*1 a composite number?
True
Let d(g) = -g**3 - 6*g**2 - 18*g - 163. Is d(-30) composite?
False
Suppose 4*y - 8 = 0, -y - 11 = -5*x - 4*y. Is 859079/13 + (0 - x)*6 prime?
False
Let u(b) be the third derivative of 191/60*b**5 - 1/8*b**4 + 0*b + b**2 - 1/2*b**3 + 0. Is u(-1) prime?
True
Suppose 686 = -2*i + 2422. Suppose 11*d = 9*d + 4014. Let y = d - i. Is y prime?
False
Let u = -710022 - -1313993. Is u a composite number?
True
Suppose -4*w + 299 = -57. Suppose 0 = 92*n - w*n - 29880. Is (2/(-3))/((-16)/n) a composite number?
True
Suppose 0 = -3*i - 2*o + 148007, -3*i + 0*o + 148014 = 3*o. Is i prime?
True
Suppose -3*c - 2*u + 115195 = 0, -7*u = -10*u - 12. Is c a prime number?
False
Suppose 895281 - 29430 = 7*n. Is n a prime number?
False
Let x = 636701 - 209689. Suppose -x = -41*n - 79619. Is n a composite number?
True
Let c = -98 - -26. Let g = c + 68. Is 4 - -1*(-2116)/g a composite number?
True
Let f = 267859 + 405582. Is f prime?
True
Is (-1)/(7/(-2198752)) + (-45)/105 prime?
True
Let r = 235 - 223. Let z(q) = -q**2 + 24*q + 17. Is z(r) a composite number?
True
Let j = 61707 - -161342. Is j prime?
True
Is 65/((-715)/(-194304)) - 7 a co